/12)/((-5)/(-60)). Let q be (-3 + 15 + 2)*u. List the prime factors of (q/(-8))/((-9)/36).
3, 7
Suppose -2*f = 5 - 11, -4*f = -4*c. Suppose -o + d = -171, c*d + d = -3*o + 534. List the prime factors of o.
2, 3, 29
Let j = 38 + -58. Let m be (-4)/j*-2*-10. Let v = m + 5. What are the prime factors of v?
3
Suppose 3*a - 3 = -2*z - 2, -3*z = -4*a - 44. Let l = -8 + z. Suppose 5*w = -k, l = -0*k - k - 2*w + 3. List the prime factors of k.
5
What are the prime factors of (1 - 9) + 830 + 126?
2, 3, 79
Let a = -17 - -16. Let n(r) = -3*r**3 + r**2 - r - 1. Let g be n(a). Suppose 127 - 7 = g*j. What are the prime factors of j?
2, 3, 5
Suppose -272*n + 106623 = -245*n. List the prime factors of n.
11, 359
Let g be (72/126)/((-4)/(-14)). Suppose g*o - 936 = -11*o. What are the prime factors of o?
2, 3
List the prime factors of (-13 + (-18135)/(-30))*(-4)/(-7).
2, 13
Let l be (-6)/(((-3)/3)/(-4)). Let d = 24 + l. Suppose 0 = 3*j + 2*r - 39 - 20, d = -4*j - 5*r + 67. List the prime factors of j.
23
Let f(p) = -7*p**2 - 19*p - 10. Let o(m) = -3*m**2 - 9*m - 5. Let r(l) = 4*f(l) - 10*o(l). List the prime factors of r(-10).
2, 5, 7
Let f = -108 - -110. Let y(i) = -5*i**3 - i - 1. Let x be y(-1). Suppose q + 203 = x*g, f*q - 2 = q. List the prime factors of g.
41
Let t(u) = -3*u + 5. Let q be t(7). Let p = -15 - q. Suppose 0*h - 4*h - o + 27 = 0, 3*o - p = -2*h. List the prime factors of h.
2
Suppose -2*a + l - 6*l = -422, 5*a - 3*l = 1024. What are the prime factors of a?
2, 103
Suppose 3*p - 4*s - 213 = 0, -96 = -4*p + s + 201. What are the prime factors of p?
3, 5
List the prime factors of 1993/4 + ((-259)/28 - -10).
499
Suppose i + 5*j - 52 - 7 = 0, 2*j = 3*i - 126. Suppose 52 = n + i. What are the prime factors of n?
2
Let q(g) be the third derivative of g**5/60 - 5*g**3/2 - 4*g**2. Suppose 9*i - 40 = 4*i. What are the prime factors of q(i)?
7
Let w be (-2 + 2)/((-16)/(-4) + -5). Suppose w = -4*d - 129 + 889. List the prime factors of d.
2, 5, 19
Suppose -7*k + 4199 + 22 = 0. List the prime factors of k.
3, 67
Let m(p) = -11*p**2 - p + 4. Let a be m(-4). Let g = 252 + a. What are the prime factors of g?
2, 3, 7
Let q = -75 + 72. Let i(t) = -t**3 - 4*t - 14. List the prime factors of i(q).
5
Let q(f) be the second derivative of -7*f**3/6 - 5*f**2/2 + 10*f. What are the prime factors of q(-4)?
23
Suppose 234 = -2*o + 5*o. Suppose 4*n + 1174 = 4*r + o, -5*r + 1379 = -2*n. What are the prime factors of r?
277
List the prime factors of 1592/2 + 1 + -8.
3, 263
Let q(t) = -t**2 - 10*t. Let f be q(-8). Let u(v) = -9*v. Let x be u(1). Let k = f + x. List the prime factors of k.
7
Suppose -2177 = -3*v - 2*x, 3*v - 2183 = 4*x - 3*x. List the prime factors of v.
727
Suppose 0 = -2*s + 5*q - 289, -s = -3*s + 3*q - 279. Let c = s - -244. List the prime factors of c.
2, 7
Let j(d) be the second derivative of d**5/20 - d**4/4 - 4*d**3/3 + 15*d**2/2 + 15*d. List the prime factors of j(6).
3, 5
Let z be ((-6)/8)/((-6)/3192). Suppose -g - z = -8*g. Suppose 2*v - v - g = 5*r, 0 = -4*v + 5*r + 153. List the prime factors of v.
2
Let q(p) = p + 14. Let r be q(-11). Suppose -2*w = -r*w + 40. Suppose -3*o + 8 = -3*g - w, -37 = -4*o - 5*g. What are the prime factors of o?
13
Let p = 576 + -226. Let j be 2/4 - p/(-4). Let b = 142 - j. What are the prime factors of b?
2, 3
Let o(n) = 23*n - 36. List the prime factors of o(10).
2, 97
Let q(y) = -2*y**3 - 13*y**2 - 17*y + 2. What are the prime factors of q(-8)?
2, 3, 5, 11
Let w = 63 + -69. List the prime factors of (((-33)/22)/(w/908))/1.
227
Suppose 8*b = 4*b. What are the prime factors of ((-114)/8 + 0)*(-4 - b)?
3, 19
Suppose 5*g - 32 = -5*d + 3, -5*g + 23 = d. Suppose 0 = -d*r, 0*r - 2*r + 545 = 5*b. List the prime factors of b.
109
Let y(i) be the first derivative of i**3/3 - i**2 + i - 2. List the prime factors of y(3).
2
What are the prime factors of (-3832)/(-14) + (-18)/(-63)?
2, 137
Suppose 3*f + 4066 = 5*c, -c + 5*f + 353 + 447 = 0. List the prime factors of c.
5, 163
Let n be (0 + 4 - -462) + 2. Let m = -261 + n. List the prime factors of m.
3, 23
Let t(s) = 4*s**2 - 11*s. Let n be t(-3). Let z = 26 + n. What are the prime factors of z?
5, 19
Suppose -42 + 14 = 4*y. List the prime factors of 83 + (-7)/(y/2).
5, 17
Let x be 3 - -3*(-26)/6. Let v = x - -15. Suppose -v*n = -0*n + h - 113, -5*h + 105 = 5*n. What are the prime factors of n?
23
Let n(d) = -7*d + 7. Suppose 2*h + 3 = -3*s - 2, 3*h = -2*s. Let l be n(s). Suppose 0 = -4*v - 0*v + l. What are the prime factors of v?
7
Let i(x) = 21*x**2 - 27*x - 16. List the prime factors of i(-8).
2, 193
Let o(t) = -t**3 + 6*t**2 + 7*t - 8. Let x be o(7). Let z(y) = 2*y**2 + 3*y + 19. What are the prime factors of z(x)?
3, 41
Suppose 3*s - 3 = r - 8, 3*s = 5*r - 25. Suppose 4*c + 744 = 5*u, -r*c + 9 = -11. Suppose -3*l = -2*l + x - 38, -x - u = -4*l. What are the prime factors of l?
2, 19
Let q = -159 + 52. Let c = q + 164. What are the prime factors of c?
3, 19
Let y(i) = 4*i**3 + i**2 - 9*i + 7. Let x(f) = f - 1. Let a be x(4). List the prime factors of y(a).
97
Suppose 203 = t + 30. What are the prime factors of t?
173
Let f = -5 - -10. Suppose f*n + u - 19 = 0, 5*n - 13 = n - 3*u. Suppose n*c - t - 72 = 0, -2*c + 5*t = 2*c - 72. What are the prime factors of c?
2, 3
List the prime factors of (890 - 13) + 9 + -1.
3, 5, 59
Let d(k) = -2*k - 16. Let w be d(-13). Let a(f) = 2 + w + 10*f + f**2 + f - f. What are the prime factors of a(-9)?
3
Suppose -n + 1 = -4*y - 5, 4*y = -2*n + 36. Let w(u) = u + 2. List the prime factors of w(n).
2
Let a(x) = 15*x**2 + 104*x + 1. List the prime factors of a(-11).
2, 3, 7
What are the prime factors of (-8346)/(-7) + (-104)/364?
2, 149
Let s = 180 - 61. What are the prime factors of s?
7, 17
Let q(g) = g**3 + 8*g**2 + 6*g - 6. Let h be (36/(-27))/(2/(-6)). Let i = -9 + h. What are the prime factors of q(i)?
3, 13
Suppose 0 = -17*v + 11355 + 22152. List the prime factors of v.
3, 73
Let j = -11 + 13. Let t be (2/(j/5))/1. Suppose -t = r, -k - r - 2*r = 1. What are the prime factors of k?
2, 7
Let i = -35 - -80. What are the prime factors of i?
3, 5
Let w(s) = -5*s**2 - 17*s - 10. Let j be w(-14). List the prime factors of j/(-18) + (25/(-9) - -3).
2, 3, 7
Suppose -3*l + l + 122 = 4*k, 4*l = 5*k + 192. Suppose 152 = 5*r - l. What are the prime factors of r?
41
List the prime factors of (-35)/(-1)*203/35.
7, 29
Suppose 11819 + 3819 = 14*c. List the prime factors of c.
1117
Let q = 5487 + -2305. What are the prime factors of q?
2, 37, 43
Let i = -11 - -10. Let g(t) = t**2 - t - 7*t**3 - 2*t**3 + 1 + 3*t. List the prime factors of g(i).
3
Suppose w - 190 + 71 = 0. List the prime factors of (3 + 0 + w)*(-9)/(-6).
3, 61
Let r(d) = -148*d**3 - 20*d**2 - 50*d - 9. List the prime factors of r(-3).
3, 1319
Let k(d) = -12*d**3 - d**2 + 1. Let v = -8 - -10. Suppose v*r = -4 + 2. List the prime factors of k(r).
2, 3
Suppose 0 = 4*s - 4*j - j + 137, s = -3*j - 13. Let q = s - -32. What are the prime factors of q?
2
Let n = 81 - -314. What are the prime factors of n?
5, 79
Let n(z) = z - 1. Let f be n(6). Suppose f*m - 10*m = -145. Suppose m = 2*r + 5. List the prime factors of r.
2, 3
Let g be (12 + -20)*5/2. Let u(p) = p**3 + 22*p**2 + 35*p + 2. What are the prime factors of u(g)?
2, 3, 17
Let n(f) = -983*f - 253. List the prime factors of n(-3).
2, 337
List the prime factors of 3 + 91/(-35) - (-11904)/15.
2, 397
Suppose -5*b + u = 5*u - 9021, -4*b + 2*u + 7222 = 0. List the prime factors of b.
5, 19
Let w(h) = -9*h**3 + h**2 - 6*h - 1. Let l(a) = a**3 + a. Let x(c) = -5*l(c) - w(c). Let o be x(2). Suppose -o - 13 = -2*f. What are the prime factors of f?
2, 11
Suppose -9396 - 23274 = -33*k. List the prime factors of k.
2, 3, 5, 11
Suppose -4*t - 5*a - 17 = 0, 0 = -5*t + 2*a - a + 15. List the prime factors of (-1)/(t - (-261)/(-129)).
43
Suppose -4*s - 164 = -3*d + 260, 0 = 4*d - 4*s - 560. Suppose h = -2*g + 68, 4*g + 0*g = -3*h + d. List the prime factors of g.
2, 17
Let i be 186*(-3 + 33/6). Suppose -3*r + 3*b - i = 0, -5*r - 4*b = -0*b + 739. Let c = 219 + r. List the prime factors of c.
2, 17
Let c(l) = l - 11. Let i be c(12). List the prime factors of 2 + 58 + 4/i.
2
Suppose p + 4*p - 4*b - 450 = 0, 4*p = b + 360. Suppose -j = -p - 79. List the pr